625)/49 a composite number?
False
Is 1/(-8) + 4/16 + 55728210/240 a composite number?
True
Suppose -q = -3, -5*a - 15*q + 17*q + 16929 = 0. Suppose -854 = 3*y + 5*n - a, 0 = y + 4*n - 835. Is y composite?
True
Let o be (-11 - -10)/((-1)/(-3)). Let v be o*(1 - 8/12)*-697. Suppose 5*c - 1548 = v. Is c a composite number?
False
Let t(z) = 27979*z**2 + 130*z + 378. Is t(-3) a prime number?
False
Suppose 0 = -2*y - 4*t + 12, 0 = -3*y - 2*y + 3*t + 69. Is 8286/y - 3/(-6) a composite number?
False
Let d = 168 - 165. Suppose -d*u = -4*l - 22027, 9764 = 5*u - l - 26976. Is u a composite number?
False
Let o(v) = 1359*v**3 - 6*v**2 - 7*v + 11. Is o(4) composite?
True
Suppose -a + 21 = 3*x, 9*x - 10 = 7*x. Is (-12686)/(((-2)/a)/((-2)/(-12))) a composite number?
False
Suppose 0 = -21*g + 17*g - 5*f - 139, -5*f = 2*g + 67. Is 1*-4*47349/g a composite number?
False
Suppose l - 89*i - 105143 = -85*i, -3*l = -5*i - 315471. Is l prime?
True
Let c = 25 + -24. Is 746/(-8)*(c - 29) a composite number?
True
Suppose -56 = -w - 246. Suppose -4*f + 2*f = 6. Is -3 - (w + 1*(f + -1)) prime?
True
Let z be ((-54)/(-4))/(5/(-90)). Let c be (z/(-6))/(18/120). Let y = -179 + c. Is y composite?
True
Suppose -29*b = 70*b - 24*b - 7179225. Is b composite?
False
Let d be (-3402)/108*146/3. Let l = 3030 + d. Is l prime?
False
Let d = 696921 + 1479740. Is d composite?
False
Suppose 352773 = 63*k - 1141965. Is k a prime number?
False
Let j = 953573 + 102360. Is j a prime number?
True
Is (-210 + 212)*1*63814/4 composite?
False
Let g(p) = -p**3 - 29*p**2 - 26*p + 54. Let d be g(-28). Let c(f) = 7174*f**2 + 7*f + 5. Is c(d) composite?
False
Suppose -6 = -4*d + 158. Suppose -38*t + 3003 = -d*t. Let h = t + 1410. Is h a prime number?
True
Let b be ((-2)/3)/((-2)/(-36)). Let l(y) = -y**3 - 12*y**2 - y - 17. Let m be l(b). Let p(z) = -157*z + 24. Is p(m) a prime number?
True
Suppose 1683444973 - 503123513 = 266*j + 314*j. Is j a composite number?
True
Suppose -5*i = -5*s - 6*i - 19, 0 = -s + 3*i + 9. Is 1/((-128)/5206*122 - s) prime?
False
Let m(f) = 2*f + 683 + 2*f - 2*f**2 - 2*f. Let i = -3519 - -3519. Is m(i) a composite number?
False
Suppose 2*w + 2*y = 649346, 46*y - 49*y = 2*w - 649346. Is w a prime number?
True
Suppose -9*f = -5*f + 156. Let z = f + 41. Suppose -3*h + z*h = -31. Is h a prime number?
True
Let f(t) = -t**3 + 6*t**2 - 7*t + 1. Let m be f(2). Suppose m*v = 4*n - 20614, -2*n + v + 7582 = -2726. Is n a composite number?
True
Let n = 16388 - 10883. Suppose n + 22283 = 4*d. Is d prime?
True
Let q be 26/(-169) + 6626/(-26). Suppose 381 = -b - 355. Let x = q - b. Is x prime?
False
Suppose -52*h - 27394 + 161190 = 0. Is h composite?
True
Suppose -1536364 + 43373192 = 44*a. Is a a composite number?
False
Let c be 46/9 + (-63)/567. Suppose -5*q = -c*d - 0*q + 58085, 5*d = 4*q + 58085. Is d a prime number?
True
Let h(r) be the first derivative of -1445*r**2/2 - 27*r + 70. Is h(-2) a composite number?
True
Suppose -361*a + 360*a + 763543 = 4*s, 0 = -3*a + 9. Is s a prime number?
False
Is -1 + (-36)/(-44) + 3/(33/2064493) composite?
True
Let p be 4/16 - -1*(-108)/(-16). Suppose -p*z + 22 = -13. Suppose 0 = -0*v - z*v + 5965. Is v prime?
True
Suppose -5*s + 0*a = -3*a - 9, -a = 3. Suppose -3*z + 4*o = -14 + 1, s = -3*z + 3*o + 18. Suppose -z*r + 0*r = -1397. Is r a composite number?
False
Let u = 1273894 + 137851. Is u prime?
False
Let u(q) = -q**3 - 6*q**2 - 11*q - 8. Let m be u(-4). Let p be (24/6)/(m/5). Is ((-40)/(-12))/p*93 a composite number?
True
Suppose -149*c = -108*c - 2237657. Is c prime?
True
Suppose -3*l - 127665 = -3*f, 0 = 17*f - 20*f - 4*l + 127630. Suppose 0 = -5*q + w + 35641 + 6929, -5*q - 3*w = -f. Is q a composite number?
False
Let n(v) be the first derivative of 49*v**4/12 - 2*v**3/3 - 5*v**2 - 32*v - 11. Let h(k) be the first derivative of n(k). Is h(5) prime?
False
Let p(z) be the second derivative of 31*z**4/12 - 4*z**3/3 + 4*z**2 - 64*z. Let j be 2/(-6) - 22/(-3). Is p(j) a composite number?
False
Let i(x) = 72*x**2 + 195*x - 10. Is i(-21) a composite number?
False
Let v(y) = -2*y**2 - 24*y - 17. Let m be v(-11). Suppose 2633 = 3*f - 4*d, -2*f + 766 = -m*d - 1001. Is f a composite number?
True
Let k(x) = 53*x + 2. Suppose 0 = 5*p + f - 144, 0*p + 88 = 3*p + f. Suppose 0 = 4*y - 2*l - p, -5*y + 9 = -0*l + 4*l. Is k(y) prime?
False
Suppose -19 = 6*z - 103. Is (-2)/(-4) + (-8 - (-45031)/z) composite?
False
Suppose 20*q = 15803865 - 3724165. Suppose -39*x + 147428 = -q. Is x a composite number?
False
Let x be (-3)/((-27)/2) - 1486328/(-2124). Suppose 191 - 1157 = -2*i - 3*a, 0 = i + 5*a - 497. Let u = x - i. Is u prime?
True
Let k = 1849 - -7078. Is k a composite number?
True
Suppose -j + 0 + 3 = 0. Let y = 1964 + -62. Suppose 0 = -5*i - j*n + y, -5*i + 3*n + 2272 = 364. Is i composite?
True
Let q be (-26)/(-8)*-2*(-3 - -5). Let z = q - -5. Let g(m) = 29*m**2 + 10*m - 15. Is g(z) a composite number?
True
Let f(m) = 7604*m - 1243. Is f(10) a composite number?
False
Suppose -2*r - 12307 + 34475 = 0. Suppose -4*b - 5*t = -r, -b - 8313 = -4*b + 5*t. Is b composite?
True
Suppose 62*k - 72*k = 0. Suppose 23*j - 6020 - 193137 = k. Is j composite?
True
Let p be (-4)/2*4/(-4). Suppose -2*z = -p*b, -b - 10 = -3*z - 0. Suppose -3*j + b*g + 982 = 0, -3*j - j - 2*g = -1318. Is j prime?
False
Is (7147308/(-63) - -29)/(2/(-6)) a prime number?
True
Is (-20)/7 + 3 + ((-707804568)/(-189))/9 a prime number?
False
Let t = -42 + 36. Let a be (4/t)/((-3)/279). Let m = a - 27. Is m prime?
False
Suppose -56*a = -55*a + 6. Is (-5396)/a - (5/(-5))/(-3) composite?
True
Is (-3)/((-3)/(-2)) + 31 + (30312 - 0) composite?
False
Let x = 4548 - 2664. Suppose 0 = -5*d + 3*f + 4193, 4*f - x = 5*d - 6073. Is d a prime number?
False
Let f(x) be the second derivative of 7*x**5/20 - x**4/2 - x**3/2 - 5*x**2 - 10*x. Let t be f(-7). Let p = 4461 + t. Is p prime?
True
Suppose 1555668 = 3*c - 3*j, 29*j = 3*c + 31*j - 1555703. Is c composite?
True
Let n(c) = 75465*c + 677. Is n(4) prime?
False
Suppose q - 4*c - 44 = 0, -1 - 2 = -3*c. Let s = -42 + q. Is (-28)/s*(-240)/32 a prime number?
False
Let x be (-4*45/10)/(-2). Suppose x*b + 2376 = -0*b. Let d = 623 + b. Is d a composite number?
False
Let y(k) = 393*k + 706. Is y(35) a composite number?
False
Let s(i) = -3745*i - 1623. Is s(-20) a prime number?
True
Let i(h) = 31*h + 9959. Is i(0) prime?
False
Let l = -115 + 124. Is (l - 117)/(1/(-42)) - 1 a composite number?
True
Suppose -9*t = -7*t - 614. Let r be t*-4*10/(-8). Suppose a - r = -4*a. Is a prime?
True
Let k = 11 - -2. Let f be ((-14)/(-10) - 1)/(k/(-65)). Is (-27756)/(-44) - f/(-33)*-3 a prime number?
True
Suppose 0 = -3*v + 32 + 19. Suppose 5*h = 4*o - v - 2, 3*h = 2*o - 11. Let i(p) = -30*p**3 + p**2 - 4*p - 2. Is i(h) composite?
False
Let z be 5/15 + (-52)/(-6). Let b be 1*(9/36)/(1/(-1412)). Is z - 5 - (2 + b) composite?
True
Suppose -3*j + 508864 = -d, j + 44*d - 169617 = 40*d. Is j prime?
False
Let q be 17/((-85)/(-24764))*10. Suppose 15*d - 7*d = q. Is d a prime number?
False
Let f = 17568 - 12122. Suppose -8*h - 2*p + 27191 = -3*h, h + 3*p = f. Is h a prime number?
True
Let u be 318/7 - 2 - 36/(-63). Is ((-12661)/u)/((-2)/8) a prime number?
True
Suppose 2*s = -3*r - 16763 + 129806, -r = -3*s + 169548. Is s composite?
True
Let g be 5/(20/(-8)) + -2. Let v be (-10)/(-6) - (1 - g/(-3)). Suppose -y + 0*y = v, -5*u + 3513 = y. Is u prime?
False
Let s be -3 - (-4 - (4 + -8)). Let l be -156*s*3/18. Is (-1 - -1*l)*1 composite?
True
Suppose 44*j - 43*j - 1357 = 0. Suppose 3*w - 2*t = j, 5*w + t - 2249 = -2*t. Is w composite?
True
Let r be ((-125)/(-50))/((-10)/(-12)). Suppose -r*m = -9 - 3. Suppose m*h + y = 5040, 4*h + 5*y - 3618 = 1438. Is h composite?
False
Let u(m) = -1172*m**2 - 4*m + 1. Let k be u(1). Suppose 9*t - 2028 = 8*t. Let z = t + k. Is z a prime number?
True
Let o = 52656 - -114077. Is o composite?
True
Suppose 6*f = -4*f - 30. Let m be (-1)/(-1) + f + -1. Is (-2 - (m + 0)) + 850 prime?
False
Let x be -6*((-5)/(-2) - 3). Suppose -3*f - f - 1023 = -5*m, x*f + 2*m = -750. Let k = f - -379. Is k a prime number?
True
Let c(y) = -3377*y - 51. Is c(-16) a composite number?
True
Let q(y) = -9*y**3 - 3 - 2 - 9*y + 3*y**3 + 16*y**3 - 2*y**3. Suppose 4 = -3*x + 22. Is q(x) composite?
Fal